{"id":223,"date":"2022-05-27T13:04:07","date_gmt":"2022-05-27T13:04:07","guid":{"rendered":"https:\/\/sportano.hu\/blog\/?page_id=223"},"modified":"2025-04-02T11:06:58","modified_gmt":"2025-04-02T11:06:58","slug":"a-sportano-pl-blog-szolgaltatas-hasznalatanak-feltetelei","status":"publish","type":"page","link":"https:\/\/sportano.hu\/blog\/a-sportano-pl-blog-szolgaltatas-hasznalatanak-feltetelei\/","title":{"rendered":"A SPORTANO.HU BLOG SZOLG\u00c1LTAT\u00c1S HASZN\u00c1LAT\u00c1NAK FELT\u00c9TELEI"},"content":{"rendered":"\n<p><\/p>\n\n\n\n<p class=\"has-text-align-center\"><strong>I.\u202f\u202f\u202f\u202f\u202f\u202f\u202f\u202f\u202f\u202f \u00c1LTAL\u00c1NOS RENDELKEZ\u00c9SEK<\/strong><br><\/p>\n\n\n\n<p>1. A Szab\u00e1lyzat a www.sportano.hu\u00a0 el\u00e9rhet\u0151 internetes szolg\u00e1ltat\u00e1s alatt \u00a0(a tov\u00e1bbiakban: &#8222;oldal&#8221;) keret\u00e9ben a SPORTANO.COM Sp. z o.o. (sz\u00e9khelye: Zielona G\u00f3ra (ul. Wroc\u0142awska 17B\/15, 65-427 Zielona G\u00f3ra), bejegyezve a Zielona G\u00f3rai Ker\u00fcleti B\u00edr\u00f3s\u00e1g 8. Kereskedelmi Oszt\u00e1lya &#8211; Orsz\u00e1gos B\u00edr\u00f3s\u00e1gi Nyilv\u00e1ntart\u00e1s \u00e1ltal vezetett v\u00e1llalkoz\u00f3i nyilv\u00e1ntart\u00e1sba, KRS sz\u00e1ma 0000896178, NIP 9731077223, REGON 388722422, BDO 000550240, alapt\u0151ke 25 325 950,00 PLN, honlap c\u00edme: <a href=\"https:\/\/sportano.hu\" target=\"_blank\" rel=\"noreferrer noopener\">www.sportano.hu<\/a>, e-mail c\u00edm: <a href=\"mailto:kapcsolat@sportano.hu\" target=\"_blank\" rel=\"noreferrer noopener\">kapcsolat@sportano.hu<\/a>, telefonsz\u00e1m: <a href=\"tel:+3614450904\">+3614450904<\/a> (norm\u00e1l kapcsolat d\u00edja &#8211; a megfelel\u0151 szolg\u00e1ltat\u00f3 \u00e1rlist\u00e1ja szerint) (a tov\u00e1bbiakban: &#8222;SPORTANO &#8222;).<strong>[az Elad\u00f3 annak nev\u0171 v\u00e1llalata nev\u00e9nek \u00e9s alapt\u0151k\u00e9j\u00e9nek 2022.11.28-\u00e1n t\u00f6rt\u00e9nt m\u00f3dos\u00edt\u00e1sa miatti fogalomfriss\u00edt\u00e9se]<\/strong><\/p>\n\n\n\n<p>2. A nagybet\u0171vel \u00edrt \u00e9s a Blog Szab\u00e1lyzatban nem defini\u00e1lt kifejez\u00e9sek a Blog Szab\u00e1lyzatban megadott jelent\u00e9ssel b\u00edrnak, hacsak a Blog Szab\u00e1lyzat tartalma m\u00e1sk\u00e9nt nem rendelkezik.<\/p>\n\n\n\n<p>3. A Blogot haszn\u00e1l\u00f3 term\u00e9szetes vagy jogi szem\u00e9ly (a tov\u00e1bbiakban: &#8222;Felhaszn\u00e1l\u00f3&#8221;) k\u00f6teles a Blog Szab\u00e1lyzat\u00e1t a Blog haszn\u00e1lata el\u0151tt elolvasni.<\/p>\n\n\n\n<p>4. A Blog Szab\u00e1lyzat elektronikus form\u00e1ban ingyenesen el\u00e9rhet\u0151 a SPORTANO honlapj\u00e1n, a k\u00f6vetkez\u0151 c\u00edmen: https:\/\/sportano.hu\/blog\/regulamin\/ \u00e9s a SPORTANO sz\u00e9khely\u00e9n.<br><\/p>\n\n\n\n<p class=\"has-text-align-center\"><strong>II.\u202f\u202f\u202f\u202f\u202f\u202f\u202f\u202f\u202f BLOG SZOLG\u00c1LTAT\u00c1S<\/strong><br><\/p>\n\n\n\n<p>1. A Blog szolg\u00e1ltat\u00e1ssal a SPORTANO a leg\u00fajabb (legfrissebb) bejegyz\u00e9st\u0151l a legr\u00e9gebbi bejegyz\u00e9sig terjed\u0151, korl\u00e1tozott \u00e9rv\u00e9nyess\u00e9g\u0171 vagy hasznoss\u00e1g\u00fa tartalmakat tesz el\u00e9rhet\u0151v\u00e9, k\u00fcl\u00f6n\u00f6sen a h\u00edr jelleg\u0171 bejegyz\u00e9sek eset\u00e9ben. A SPORTANO b\u00e1rmikor jogosult a Blog weboldalon k\u00f6zz\u00e9tett tartalom m\u00f3dos\u00edt\u00e1s\u00e1ra, bele\u00e9rtve a weboldalon bemutatott inform\u00e1ci\u00f3k eg\u00e9sz\u00e9nek vagy egy r\u00e9sz\u00e9nek m\u00f3dos\u00edt\u00e1s\u00e1t, a let\u00f6lthet\u0151 f\u00e1jlok cser\u00e9j\u00e9t, valamint a k\u00f6zz\u00e9tett tartalom r\u00e9szleges vagy teljes visszavon\u00e1s\u00e1t.<br><\/p>\n\n\n\n<p>2. A Blog haszn\u00e1lat\u00e1nak kezdete (a Blog szolg\u00e1ltat\u00e1si szerz\u0151d\u00e9s megk\u00f6t\u00e9se) a szolg\u00e1ltat\u00e1s megfelel\u0151 elind\u00edt\u00e1sa ut\u00e1n t\u00f6rt\u00e9nik, amely a megfelel\u0151 URL &#8211; <a href=\"https:\/\/sportano.hu\/blog\/\" target=\"_blank\" rel=\"noreferrer noopener\">https:\/\/sportano.hu\/blog\/ <\/a>&#8211; megjelen\u00edt\u00e9s\u00e9ben \u00e1ll, k\u00fcl\u00f6n\u00f6sen a k\u00f6vetkez\u0151 c\u00edmnek az internetes b\u00f6ng\u00e9sz\u0151 c\u00edmsor\u00e1ba t\u00f6rt\u00e9n\u0151 be\u00edr\u00e1s\u00e1val: https:\/\/sportano.hu\/blog\/.\u202fA https:\/\/sportano.hu\/blog\/ weboldalra val\u00f3 bel\u00e9p\u00e9st k\u00f6vet\u0151en minden Felhaszn\u00e1l\u00f3nak a k\u00e9perny\u0151 alj\u00e1n megjelenik egy \u00fczenet, amely a Blog Szab\u00e1lyzat elfogad\u00e1s\u00e1ra \u00e9s a cookie-k feldolgoz\u00e1s\u00e1ra vonatkoz\u00f3 inform\u00e1ci\u00f3kat tartalmazza.\u202fA Blog haszn\u00e1lata egyenl\u0151 a Blog Szab\u00e1lyzat elfogad\u00e1s\u00e1val.<\/p>\n\n\n\n<p>3. Harmadszor A Blogot hat\u00e1rozatlan ideig ingyenesen biztos\u00edtjuk.<\/p>\n\n\n\n<p>4. A Felhaszn\u00e1l\u00f3 k\u00f6teles k\u00fcl\u00f6n\u00f6sen:<\/p>\n\n\n\n<p>a) a Blogot a vonatkoz\u00f3 jogszab\u00e1lyok rendelkez\u00e9seinek megfelel\u0151 m\u00f3don haszn\u00e1lja, \u00e9s nem s\u00e9rti harmadik f\u00e9l jogait, \u00f6sszhangban a Blog szolg\u00e1ltat\u00e1s szab\u00e1lyzat\u00e1nak rendelkez\u00e9seivel, valamint az e tekintetben elfogadott szok\u00e1sokkal \u00e9s a t\u00e1rsadalmi egy\u00fctt\u00e9l\u00e9s elveivel;<\/p>\n\n\n\n<p>b) csak a val\u00f3s\u00e1gnak megfelel\u0151, aktu\u00e1lis \u00e9s minden sz\u00fcks\u00e9ges adatot megad a SPORTANO r\u00e9sz\u00e9re;<\/p>\n\n\n\n<p>c) halad\u00e9ktalanul friss\u00edtse a SPORTANO sz\u00e1m\u00e1ra a Blog szolg\u00e1ltat\u00e1s ny\u00fajt\u00e1s\u00e1ra vonatkoz\u00f3 meg\u00e1llapod\u00e1s megk\u00f6t\u00e9s\u00e9vel kapcsolatban megadott adatokat, amennyiben az ilyen adatok megad\u00e1sa sz\u00fcks\u00e9ges a szolg\u00e1ltat\u00e1s ig\u00e9nybev\u00e9tel\u00e9hez;<\/p>\n\n\n\n<p>d) a Blog szolg\u00e1ltat\u00e1son bel\u00fcl nem szolg\u00e1ltat vagy tov\u00e1bb\u00edt semmilyen olyan tartalmat, amelyet a vonatkoz\u00f3 jogszab\u00e1lyok tiltanak, k\u00fcl\u00f6n\u00f6sen olyan tartalmat, amely s\u00e9rti harmadik f\u00e9l szerz\u0151i jogait vagy szem\u00e9lyis\u00e9gi jogait.<br><br>5. A Blog haszn\u00e1lata, bele\u00e9rtve a Blog szolg\u00e1ltat\u00e1s ny\u00fajt\u00e1s\u00e1ra vonatkoz\u00f3 szerz\u0151d\u00e9s megk\u00f6t\u00e9s\u00e9t is, megk\u00f6veteli, hogy a Felhaszn\u00e1l\u00f3 v\u00e9gberendez\u00e9se \u00e9s IKT rendszere megfeleljen az al\u00e1bbi minim\u00e1lis technikai k\u00f6vetelm\u00e9nyeknek, azaz: olyan sz\u00e1m\u00edt\u00f3g\u00e9p vagy m\u00e1s, internethez csatlakoztatott eszk\u00f6z birtokl\u00e1sa, amely legal\u00e1bb 1280 x 720 pixel felbont\u00e1s\u00fa k\u00e9perny\u0151vel rendelkezik, \u00e9s amely rendelkezik az al\u00e1bbi webb\u00f6ng\u00e9sz\u0151k legal\u00e1bb egyik\u00e9vel: Chrome 94-es vagy magasabb verzi\u00f3, Internet Explorer 11-es vagy magasabb verzi\u00f3, Firefox 93-as vagy magasabb verzi\u00f3, Edge 94-es vagy magasabb verzi\u00f3, Safari 14-es vagy magasabb verzi\u00f3, Opera 80-as vagy magasabb verzi\u00f3, amely t\u00e1mogatja a Java Scriptet \u00e9s enged\u00e9lyezi a cookie-k ment\u00e9s\u00e9t.<\/p>\n\n\n\n<p>6. A Blog elektronikus szolg\u00e1ltat\u00e1sk\u00e9nt val\u00f3 haszn\u00e1lata az interneten kereszt\u00fcl t\u00f6rt\u00e9n\u0151 adat\u00e1tvitel tipikus kock\u00e1zataival j\u00e1r, mint p\u00e9ld\u00e1ul a Felhaszn\u00e1l\u00f3 adatainak terjeszt\u00e9se, illet\u00e9ktelenek hozz\u00e1f\u00e9r\u00e9se vagy elveszt\u00e9se. A SPORTANO \u00e9s a Felhaszn\u00e1l\u00f3k k\u00f6telesek int\u00e9zked\u00e9seket tenni e kock\u00e1zatok minimaliz\u00e1l\u00e1sa \u00e9rdek\u00e9ben.<br><\/p>\n\n\n\n<p class=\"has-text-align-center\"><strong>III.\u202f\u202f\u202f\u202f\u202f\u202f\u202f\u202f SZEM\u00c9LYES ADATOK FELDOLGOZ\u00c1SA<\/strong><br><\/p>\n\n\n\n<p>1. A Felhaszn\u00e1l\u00f3 szem\u00e9lyes adatait a SPORTANO, mint szem\u00e9lyes adatok kezel\u0151je kezeli. A szem\u00e9lyes adatok megad\u00e1sa a Felhaszn\u00e1l\u00f3 r\u00e9sz\u00e9r\u0151l \u00f6nk\u00e9ntes, de a Blog haszn\u00e1lat\u00e1hoz sz\u00fcks\u00e9ges. A Blogon bel\u00fcli adott t\u00edpus\u00fa szolg\u00e1ltat\u00e1shoz sz\u00fcks\u00e9ges szem\u00e9lyes adatok megad\u00e1s\u00e1nak elmulaszt\u00e1sa azt eredm\u00e9nyezheti, hogy a SPORTANO \u00e1ltal a Blog r\u00e9szek\u00e9nt k\u00edn\u00e1lt bizonyos szolg\u00e1ltat\u00e1sokat nem lehet ig\u00e9nybe venni.<\/p>\n\n\n\n<p>2. A szem\u00e9lyes adatok v\u00e9delm\u00e9re vonatkoz\u00f3 r\u00e9szletes inform\u00e1ci\u00f3kat az <a href=\"https:\/\/sportano.hu\/adatvedelmi-es-suti-nyilatkozat\">Adatv\u00e9delmi \u00e9s s\u00fctikre vonatkoz\u00f3 szab\u00e1lyzat tartalmazza<\/a>.<br><\/p>\n\n\n\n<p class=\"has-text-align-center\"><strong>IV.\u202f\u202f\u202f\u202f\u202f\u202f\u202f \u202fSZELLEMI TULAJDON<\/strong><\/p>\n\n\n\n<p>1. A SPORTANO vagy partnerei \u00e1ltal rendelkez\u00e9sre bocs\u00e1tott valamennyi elemhez, bele\u00e9rtve a szerz\u0151i \u00e9s szomsz\u00e9dos jogokr\u00f3l sz\u00f3l\u00f3 1994. febru\u00e1r 4-i t\u00f6rv\u00e9nyben meghat\u00e1rozott m\u0171veket, k\u00fcl\u00f6n\u00f6sen a szerz\u0151i jogokat, a SPORTANO vagy azok a szervezetek rendelkeznek, amelyekkel a SPORTANO a vonatkoz\u00f3 meg\u00e1llapod\u00e1sokat k\u00f6t\u00f6tte.<br><br>2. A Felhaszn\u00e1l\u00f3 jogosult a fent eml\u00edtett tartalmak ingyenes \u00e9s t\u00e9r\u00edt\u00e9smentes haszn\u00e1lat\u00e1ra, kiz\u00e1r\u00f3lag saj\u00e1t szem\u00e9lyes felhaszn\u00e1l\u00e1s keret\u00e9ben \u00e9s kiz\u00e1r\u00f3lag a Blog megfelel\u0151 haszn\u00e1lata c\u00e9lj\u00e1b\u00f3l, ter\u00fcleti korl\u00e1toz\u00e1s n\u00e9lk\u00fcl. A fent eml\u00edtett tartalom m\u00e1s c\u00e9lokra t\u00f6rt\u00e9n\u0151 felhaszn\u00e1l\u00e1sa csak az arra jogosult szervezet \u00e1ltal \u00edr\u00e1sban, \u00e9rv\u00e9nytelens\u00e9g terhe mellett adott kifejezett, el\u0151zetes hozz\u00e1j\u00e1rul\u00e1s alapj\u00e1n enged\u00e9lyezett.<\/p>\n\n\n\n<p class=\"has-text-align-center\"><strong>V.\u202f\u202f\u202f\u202f\u202f\u202f\u202f\u202f\u202f PANASZOK<\/strong><\/p>\n\n\n\n<p>1. A Felhaszn\u00e1l\u00f3 a Blog szolg\u00e1ltat\u00e1ssal kapcsolatos szab\u00e1lytalans\u00e1gokat panasz form\u00e1j\u00e1ban jelentheti. A panaszokat p\u00e9ld\u00e1ul e-mailben lehet beny\u00fajtani a k\u00f6vetkez\u0151 c\u00edmre: <a href=\"mailto:kapcsolat@sportano.hu\" target=\"_blank\" rel=\"noreferrer noopener\">kapcsolat@sportano.hu<\/a><\/p>\n\n\n\n<p>2. A panaszokat a SPORTANO halad\u00e9ktalanul, de legk\u00e9s\u0151bb a beny\u00fajt\u00e1st\u00f3l sz\u00e1m\u00edtott 14 napon bel\u00fcl fel\u00fclvizsg\u00e1lja.<\/p>\n\n\n\n<p>3. A panasz gyorsabb feldolgoz\u00e1sa \u00e9rdek\u00e9ben aj\u00e1nlatos megadni a panaszt beny\u00fajt\u00f3 szem\u00e9ly nev\u00e9t \u00e9s el\u00e9rhet\u0151s\u00e9g\u00e9t, valamint a panaszt indokol\u00f3 okok le\u00edr\u00e1s\u00e1t.<br><br>4. Sem a SPORTANO, sem annak alkalmazottai, meghatalmazott k\u00e9pvisel\u0151i \u00e9s megb\u00edzottai nem felelnek a nem fogyaszt\u00f3 Felhaszn\u00e1l\u00f3, annak alv\u00e1llalkoz\u00f3i, alkalmazottai, meghatalmazott k\u00e9pvisel\u0151i \u00e9s\/vagy megb\u00edzottai fel\u00e9 semmilyen k\u00e1r\u00e9rt, bele\u00e9rtve az elmaradt hasznot is, kiv\u00e9ve, ha a k\u00e1rt sz\u00e1nd\u00e9kosan okozt\u00e1k. Minden olyan esetben, amikor a SPORTANO, annak alkalmazottai, meghatalmazott k\u00e9pvisel\u0151i \u00e9s\/vagy megb\u00edzottai felel\u0151ss\u00e9ge meg\u00e1llap\u00edt\u00e1sra ker\u00fcl, a nem fogyaszt\u00f3 Felhaszn\u00e1l\u00f3val szembeni felel\u0151ss\u00e9g &#8211; f\u00fcggetlen\u00fcl annak jogalapj\u00e1t\u00f3l &#8211; mind az egyes k\u00f6vetel\u00e9sek r\u00e9szek\u00e9nt, mind az \u00f6sszes k\u00f6vetel\u00e9s tekintet\u00e9ben \u00f6sszesen 500 PLN \u00f6sszegre korl\u00e1toz\u00f3dik.<br><\/p>\n\n\n\n<p class=\"has-text-align-center\"><strong>VI.\u202f\u202f\u202f\u202f\u202f\u202f\u202f A MEG\u00c1LLAPOD\u00c1S FELMOND\u00c1SA \u00c9S A BLOGSZAB\u00c1LYZAT M\u00d3DOS\u00cdT\u00c1SA<\/strong><\/p>\n\n\n\n<p class=\"has-text-align-left\"><br>1. A Felhaszn\u00e1l\u00f3nak b\u00e1rmikor lehet\u0151s\u00e9ge van indokl\u00e1s n\u00e9lk\u00fcl lemondani a Blog haszn\u00e1lat\u00e1r\u00f3l (a Blog szolg\u00e1ltat\u00e1si szerz\u0151d\u00e9s felmond\u00e1sa), k\u00fcl\u00f6n\u00f6sen a SPORTANO weboldal bez\u00e1r\u00e1s\u00e1val, amelyen a Blog bejegyz\u00e9st k\u00f6zz\u00e9teszik.<\/p>\n\n\n\n<p>2. A SPORTANO b\u00e1rmikor felmondhatja a Blog szolg\u00e1ltat\u00e1si szerz\u0151d\u00e9st 14 napos felmond\u00e1si id\u0151vel a k\u00f6vetkez\u0151 &nbsp;okok miatt:<\/p>\n\n\n\n<p>a) a SPORTANO \u00e1ltal elektronikusan ny\u00fajtott szolg\u00e1ltat\u00e1sokra vonatkoz\u00f3 jogi rendelkez\u00e9sek megv\u00e1ltoz\u00e1sa, amely \u00e9rinti a Blog szolg\u00e1ltat\u00e1s\u00e1ra vonatkoz\u00f3 meg\u00e1llapod\u00e1sban meghat\u00e1rozott k\u00f6lcs\u00f6n\u00f6s jogokat \u00e9s k\u00f6telezetts\u00e9geket, vagy a fent eml\u00edtett jogi rendelkez\u00e9sek \u00e9rtelmez\u00e9s\u00e9nek megv\u00e1ltoz\u00e1sa b\u00edr\u00f3s\u00e1gi \u00edt\u00e9letek, hat\u00e1rozatok, aj\u00e1nl\u00e1sok vagy az illet\u00e9kes hat\u00f3s\u00e1gok vagy szervek aj\u00e1nl\u00e1sai k\u00f6vetkezt\u00e9ben;<\/p>\n\n\n\n<p>b) a szolg\u00e1ltat\u00e1sny\u00fajt\u00e1s m\u00f3dj\u00e1nak technikai vagy technol\u00f3giai okokb\u00f3l t\u00f6rt\u00e9n\u0151 megv\u00e1ltoz\u00e1sa, pl. a Blogszab\u00e1lyzatban felt\u00fcntetett technikai k\u00f6vetelm\u00e9nyek friss\u00edt\u00e9se;<\/p>\n\n\n\n<p>c) a Blog Szab\u00e1lyzat hat\u00e1lya al\u00e1 tartoz\u00f3 szolg\u00e1ltat\u00e1s nyujt\u00e1si&nbsp; k\u00f6r\u00e9nek megv\u00e1ltoz\u00e1sa, \u00faj funkci\u00f3k vagy a Blog Szab\u00e1lyzat hat\u00e1lya al\u00e1 tartoz\u00f3 szolg\u00e1ltat\u00e1sok bevezet\u00e9s\u00e9vel, m\u00f3dos\u00edt\u00e1s\u00e1val vagy visszavon\u00e1s\u00e1val a SPORTANO \u00e1ltal;<\/p>\n\n\n\n<p>d) a SPORTANO-val egy\u00fcttm\u0171k\u00f6d\u0151 szervezetek \u00e1ltal ny\u00fajtott szolg\u00e1ltat\u00e1sok k\u00f6r\u00e9nek vagy m\u00f3dj\u00e1nak megv\u00e1ltoztat\u00e1sa \u00faj funkci\u00f3k vagy szolg\u00e1ltat\u00e1sok bevezet\u00e9s\u00e9vel, m\u00f3dos\u00edt\u00e1s\u00e1val vagy visszavon\u00e1s\u00e1val, amely \u00e9rinti a Felhaszn\u00e1l\u00f3 \u00e9s a SPORTANO k\u00f6z\u00f6tti k\u00f6lcs\u00f6n\u00f6s jogokat \u00e9s k\u00f6telezetts\u00e9geket.<\/p>\n\n\n\n<p>3. A SPORTANO a (2) bekezd\u00e9sben meghat\u00e1rozott keretek k\u00f6z\u00f6tt adja meg nyilatkozat\u00e1t az\u00e1ltal, hogy k\u00f6zz\u00e9teszi azt azon a weboldalon, amelyen a Blog el\u00e9rhet\u0151v\u00e9 v\u00e1lik: https:\/\/sportano.hu\/blog\/.<\/p>\n\n\n\n<p>4. A SPORTANO megtagadhatja a Felhaszn\u00e1l\u00f3t\u00f3l a Blog haszn\u00e1lat\u00e1nak tov\u00e1bbi jog\u00e1t, valamint 7 napos felmond\u00e1si id\u0151vel felmondhatja a Felhaszn\u00e1l\u00f3val k\u00f6t\u00f6tt Blog szerz\u0151d\u00e9st, amennyiben a Felhaszn\u00e1l\u00f3 s\u00falyosan megs\u00e9rti a Blog szab\u00e1lyzat II. 4. bekezd\u00e9s\u00e9nek a) pontj\u00e1t.<\/p>\n\n\n\n<p>5. A SPORTANO fontos okokb\u00f3l, k\u00fcl\u00f6n\u00f6sen a fenti 2. bekezd\u00e9sben meghat\u00e1rozott okok k\u00f6z\u00fcl legal\u00e1bb az egyik bek\u00f6vetkez\u00e9se eset\u00e9n m\u00f3dos\u00edthatja a Blog jelen szab\u00e1lyzat\u00e1t.<\/p>\n\n\n\n<p>6. A Blogszab\u00e1lyzat m\u00f3dos\u00edt\u00e1sa eset\u00e9n a SPORTANO a Blogszab\u00e1lyzat egys\u00e9ges sz\u00f6veg\u00e9t a SPORTANO weboldal\u00e1n, a www.sportano.hu domain alatt el\u00e9rhet\u0151v\u00e9 teszi, amely lehet\u0151v\u00e9 teszi a Szab\u00e1lyzat egys\u00e9ges sz\u00f6veg\u00e9nek \u00e1ttekint\u00e9s\u00e9t \u00e9s elment\u00e9s\u00e9t.<\/p>\n\n\n\n<p>7. A blogszab\u00e1lyzat m\u00f3dos\u00edt\u00e1sai a m\u00f3dos\u00edt\u00e1sr\u00f3l sz\u00f3l\u00f3 t\u00e1j\u00e9koztat\u00e1s k\u00f6zz\u00e9t\u00e9tel\u00e9t\u0151l sz\u00e1m\u00edtott 14 nap eltelt\u00e9vel l\u00e9pnek hat\u00e1lyba. A Felhaszn\u00e1l\u00f3nak joga van felmondani a Blog szerz\u0151d\u00e9st a Blog Szab\u00e1lyzat m\u00f3dos\u00edt\u00e1s\u00e1r\u00f3l sz\u00f3l\u00f3 \u00e9rtes\u00edt\u00e9st\u0151l sz\u00e1m\u00edtott 14 napon bel\u00fcl.<\/p>\n\n\n\n<p class=\"has-text-align-center\"><strong>VII.\u202f\u202f\u202f\u202f\u202f\u202f Z\u00c1R\u00d3 RENDELKEZ\u00c9SEK<\/strong><br>&nbsp;<\/p>\n\n\n\n<p>1.  A blogszab\u00e1lyzat 2022.05.10-t\u0151l hat\u00e1lyos.<\/p>\n\n\n\n<p>2.  A Blog szolg\u00e1ltat\u00e1s\u00e1ra vonatkoz\u00f3 szerz\u0151d\u00e9s magyar nyelven ker\u00fcl megk\u00f6t\u00e9sre.<\/p>\n\n\n\n<p>3. A Blog szolg\u00e1ltat\u00e1s\u00e1ra vonatkoz\u00f3 megk\u00f6t\u00f6tt szerz\u0151d\u00e9s fontos rendelkez\u00e9seinek egys\u00e9ges szerkezetbe foglal\u00e1sa, biztons\u00e1ga \u00e9s hozz\u00e1f\u00e9rhet\u0151s\u00e9ge \u00fagy t\u00f6rt\u00e9nik, hogy a Blog szab\u00e1lyzat\u00e1t a weboldalon el\u00e9rhet\u0151v\u00e9 tessz\u00fck a k\u00f6vetkez\u0151 c\u00edmen: <a href=\"https:\/\/sportano.hu\/blog\/a-sportano-pl-blog-szolgaltatas-hasznalatanak-feltetelei\/\" target=\"_blank\" rel=\"noreferrer noopener\">https:\/\/sportano.hu\/blog\/a-sportano-pl-blog-szolgaltatas-hasznalatanak-feltetelei\/<\/a> olyan m\u00f3don, amely lehet\u0151v\u00e9 teszi annak let\u00f6lt\u00e9s\u00e9t, sokszoros\u00edt\u00e1s\u00e1t \u00e9s elment\u00e9s\u00e9t a Felhaszn\u00e1l\u00f3 eszk\u00f6z\u00e9n.<\/p>\n\n\n\n<p>4. A blog szab\u00e1lyzat\u00e1ban nem szab\u00e1lyozott k\u00e9rd\u00e9sekben a lengyel jog \u00e1ltal\u00e1nos rendelkez\u00e9sei alkalmazand\u00f3k.<\/p>\n","protected":false},"excerpt":{"rendered":"<p>I.\u202f\u202f\u202f\u202f\u202f\u202f\u202f\u202f\u202f\u202f \u00c1LTAL\u00c1NOS RENDELKEZ\u00c9SEK 1. A Szab\u00e1lyzat a www.sportano.hu\u00a0 el\u00e9rhet\u0151 internetes szolg\u00e1ltat\u00e1s alatt \u00a0(a tov\u00e1bbiakban: &#8222;oldal&#8221;) keret\u00e9ben a SPORTANO.COM Sp. z o.o. (sz\u00e9khelye: Zielona G\u00f3ra (ul. Wroc\u0142awska 17B\/15, 65-427 Zielona G\u00f3ra), bejegyezve a Zielona G\u00f3rai Ker\u00fcleti B\u00edr\u00f3s\u00e1g 8. Kereskedelmi Oszt\u00e1lya &#8211; Orsz\u00e1gos B\u00edr\u00f3s\u00e1gi Nyilv\u00e1ntart\u00e1s \u00e1ltal vezetett v\u00e1llalkoz\u00f3i nyilv\u00e1ntart\u00e1sba, KRS sz\u00e1ma 0000896178, NIP 9731077223, REGON 388722422, BDO [&hellip;]<\/p>\n","protected":false},"author":7,"featured_media":0,"parent":0,"menu_order":0,"comment_status":"closed","ping_status":"closed","template":"","meta":{"_acf_changed":false,"footnotes":""},"class_list":["post-223","page","type-page","status-publish","hentry"],"acf":[],"yoast_head":"<!-- This site is optimized with the Yoast SEO plugin v27.1.1 - https:\/\/yoast.com\/product\/yoast-seo-wordpress\/ -->\n<title>A SPORTANO.HU BLOG SZOLG\u00c1LTAT\u00c1S HASZN\u00c1LAT\u00c1NAK FELT\u00c9TELEI - Sportano.hu Blog<\/title>\n<meta name=\"robots\" content=\"index, follow, max-snippet:-1, max-image-preview:large, max-video-preview:-1\" \/>\n<link rel=\"canonical\" href=\"https:\/\/sportano.hu\/blog\/a-sportano-pl-blog-szolgaltatas-hasznalatanak-feltetelei\/\" \/>\n<meta property=\"og:locale\" content=\"hu_HU\" \/>\n<meta property=\"og:type\" content=\"article\" \/>\n<meta property=\"og:title\" content=\"A SPORTANO.HU BLOG SZOLG\u00c1LTAT\u00c1S HASZN\u00c1LAT\u00c1NAK FELT\u00c9TELEI - Sportano.hu Blog\" \/>\n<meta property=\"og:description\" content=\"I.\u202f\u202f\u202f\u202f\u202f\u202f\u202f\u202f\u202f\u202f \u00c1LTAL\u00c1NOS RENDELKEZ\u00c9SEK 1. A Szab\u00e1lyzat a www.sportano.hu\u00a0 el\u00e9rhet\u0151 internetes szolg\u00e1ltat\u00e1s alatt \u00a0(a tov\u00e1bbiakban: &#8222;oldal&#8221;) keret\u00e9ben a SPORTANO.COM Sp. z o.o. (sz\u00e9khelye: Zielona G\u00f3ra (ul. Wroc\u0142awska 17B\/15, 65-427 Zielona G\u00f3ra), bejegyezve a Zielona G\u00f3rai Ker\u00fcleti B\u00edr\u00f3s\u00e1g 8. Kereskedelmi Oszt\u00e1lya &#8211; Orsz\u00e1gos B\u00edr\u00f3s\u00e1gi Nyilv\u00e1ntart\u00e1s \u00e1ltal vezetett v\u00e1llalkoz\u00f3i nyilv\u00e1ntart\u00e1sba, KRS sz\u00e1ma 0000896178, NIP 9731077223, REGON 388722422, BDO [&hellip;]\" \/>\n<meta property=\"og:url\" content=\"https:\/\/sportano.hu\/blog\/a-sportano-pl-blog-szolgaltatas-hasznalatanak-feltetelei\/\" \/>\n<meta property=\"article:modified_time\" content=\"2025-04-02T11:06:58+00:00\" \/>\n<meta name=\"twitter:card\" content=\"summary_large_image\" \/>\n<meta name=\"twitter:label1\" content=\"Becs\u00fclt olvas\u00e1si id\u0151\" \/>\n\t<meta name=\"twitter:data1\" content=\"7 perc\" \/>\n<!-- \/ Yoast SEO plugin. -->","yoast_head_json":{"title":"A SPORTANO.HU BLOG SZOLG\u00c1LTAT\u00c1S HASZN\u00c1LAT\u00c1NAK FELT\u00c9TELEI - Sportano.hu Blog","robots":{"index":"index","follow":"follow","max-snippet":"max-snippet:-1","max-image-preview":"max-image-preview:large","max-video-preview":"max-video-preview:-1"},"canonical":"https:\/\/sportano.hu\/blog\/a-sportano-pl-blog-szolgaltatas-hasznalatanak-feltetelei\/","og_locale":"hu_HU","og_type":"article","og_title":"A SPORTANO.HU BLOG SZOLG\u00c1LTAT\u00c1S HASZN\u00c1LAT\u00c1NAK FELT\u00c9TELEI - Sportano.hu Blog","og_description":"I.\u202f\u202f\u202f\u202f\u202f\u202f\u202f\u202f\u202f\u202f \u00c1LTAL\u00c1NOS RENDELKEZ\u00c9SEK 1. A Szab\u00e1lyzat a www.sportano.hu\u00a0 el\u00e9rhet\u0151 internetes szolg\u00e1ltat\u00e1s alatt \u00a0(a tov\u00e1bbiakban: &#8222;oldal&#8221;) keret\u00e9ben a SPORTANO.COM Sp. z o.o. (sz\u00e9khelye: Zielona G\u00f3ra (ul. Wroc\u0142awska 17B\/15, 65-427 Zielona G\u00f3ra), bejegyezve a Zielona G\u00f3rai Ker\u00fcleti B\u00edr\u00f3s\u00e1g 8. Kereskedelmi Oszt\u00e1lya &#8211; Orsz\u00e1gos B\u00edr\u00f3s\u00e1gi Nyilv\u00e1ntart\u00e1s \u00e1ltal vezetett v\u00e1llalkoz\u00f3i nyilv\u00e1ntart\u00e1sba, KRS sz\u00e1ma 0000896178, NIP 9731077223, REGON 388722422, BDO [&hellip;]","og_url":"https:\/\/sportano.hu\/blog\/a-sportano-pl-blog-szolgaltatas-hasznalatanak-feltetelei\/","article_modified_time":"2025-04-02T11:06:58+00:00","twitter_card":"summary_large_image","twitter_misc":{"Becs\u00fclt olvas\u00e1si id\u0151":"7 perc"},"schema":{"@context":"https:\/\/schema.org","@graph":[{"@type":"WebPage","@id":"https:\/\/sportano.hu\/blog\/a-sportano-pl-blog-szolgaltatas-hasznalatanak-feltetelei\/","url":"https:\/\/sportano.hu\/blog\/a-sportano-pl-blog-szolgaltatas-hasznalatanak-feltetelei\/","name":"A SPORTANO.HU BLOG SZOLG\u00c1LTAT\u00c1S HASZN\u00c1LAT\u00c1NAK FELT\u00c9TELEI - Sportano.hu Blog","isPartOf":{"@id":"https:\/\/sportano.hu\/blog\/#website"},"datePublished":"2022-05-27T13:04:07+00:00","dateModified":"2025-04-02T11:06:58+00:00","breadcrumb":{"@id":"https:\/\/sportano.hu\/blog\/a-sportano-pl-blog-szolgaltatas-hasznalatanak-feltetelei\/#breadcrumb"},"inLanguage":"hu","potentialAction":[{"@type":"ReadAction","target":["https:\/\/sportano.hu\/blog\/a-sportano-pl-blog-szolgaltatas-hasznalatanak-feltetelei\/"]}]},{"@type":"BreadcrumbList","@id":"https:\/\/sportano.hu\/blog\/a-sportano-pl-blog-szolgaltatas-hasznalatanak-feltetelei\/#breadcrumb","itemListElement":[{"@type":"ListItem","position":1,"name":"F\u0151oldal","item":"https:\/\/sportano.hu\/blog\/"},{"@type":"ListItem","position":2,"name":"A SPORTANO.HU BLOG SZOLG\u00c1LTAT\u00c1S HASZN\u00c1LAT\u00c1NAK FELT\u00c9TELEI"}]},{"@type":"WebSite","@id":"https:\/\/sportano.hu\/blog\/#website","url":"https:\/\/sportano.hu\/blog\/","name":"","description":"","publisher":{"@id":"https:\/\/sportano.hu\/blog\/#organization"},"potentialAction":[{"@type":"SearchAction","target":{"@type":"EntryPoint","urlTemplate":"https:\/\/sportano.hu\/blog\/?s={search_term_string}"},"query-input":{"@type":"PropertyValueSpecification","valueRequired":true,"valueName":"search_term_string"}}],"inLanguage":"hu"},{"@type":"Organization","@id":"https:\/\/sportano.hu\/blog\/#organization","name":"Sportano.pl","url":"https:\/\/sportano.hu\/blog\/","logo":{"@type":"ImageObject","inLanguage":"hu","@id":"https:\/\/sportano.hu\/blog\/#\/schema\/logo\/image\/","url":"http:\/\/sportano.hu\/blog\/wp-content\/uploads\/2022\/04\/sportano-blog-logo.png","contentUrl":"http:\/\/sportano.hu\/blog\/wp-content\/uploads\/2022\/04\/sportano-blog-logo.png","width":1200,"height":200,"caption":"Sportano.pl"},"image":{"@id":"https:\/\/sportano.hu\/blog\/#\/schema\/logo\/image\/"}}]}},"_links":{"self":[{"href":"https:\/\/sportano.hu\/blog\/wp-json\/wp\/v2\/pages\/223","targetHints":{"allow":["GET"]}}],"collection":[{"href":"https:\/\/sportano.hu\/blog\/wp-json\/wp\/v2\/pages"}],"about":[{"href":"https:\/\/sportano.hu\/blog\/wp-json\/wp\/v2\/types\/page"}],"author":[{"embeddable":true,"href":"https:\/\/sportano.hu\/blog\/wp-json\/wp\/v2\/users\/7"}],"replies":[{"embeddable":true,"href":"https:\/\/sportano.hu\/blog\/wp-json\/wp\/v2\/comments?post=223"}],"version-history":[{"count":11,"href":"https:\/\/sportano.hu\/blog\/wp-json\/wp\/v2\/pages\/223\/revisions"}],"predecessor-version":[{"id":2387,"href":"https:\/\/sportano.hu\/blog\/wp-json\/wp\/v2\/pages\/223\/revisions\/2387"}],"wp:attachment":[{"href":"https:\/\/sportano.hu\/blog\/wp-json\/wp\/v2\/media?parent=223"}],"curies":[{"name":"wp","href":"https:\/\/api.w.org\/{rel}","templated":true}]}}